{"id":370,"date":"2026-02-21T09:35:05","date_gmt":"2026-02-21T09:35:05","guid":{"rendered":"https:\/\/posgradofi.com.mx\/coniin_web\/?page_id=370"},"modified":"2026-04-30T15:21:45","modified_gmt":"2026-04-30T15:21:45","slug":"tensegrity-2","status":"publish","type":"page","link":"https:\/\/posgradofi.com.mx\/coniin2026\/tensegrity-2\/","title":{"rendered":"Tensegrity"},"content":{"rendered":"\n<div class=\"wp-block-essential-blocks-text  root-eb-text-snbwh\"><div class=\"eb-parent-wrapper eb-parent-eb-text-snbwh \"><div class=\"eb-text-wrapper eb-text-snbwh\" data-id=\"eb-text-snbwh\"><p class=\"eb-text\">La Facultad de Ingenier\u00eda de la Universidad Aut\u00f3noma de Quer\u00e9taro convoca a estudiantes de Licenciatura de Ingenier\u00eda y Arquitectura del Estado de Quer\u00e9taro a participar en el Concurso de Dise\u00f1o de Sistemas Tensegrity, que se llevar\u00e1 a cabo dentro del marco del Congreso Internacional de Ingenier\u00eda CONIIN 2026.<br><\/p><\/div><\/div><\/div>\n\n\n\n<div class=\"wp-block-essential-blocks-text  root-eb-text-wc5zo\"><div class=\"eb-parent-wrapper eb-parent-eb-text-wc5zo \"><div class=\"eb-text-wrapper eb-text-wc5zo\" data-id=\"eb-text-wc5zo\"><p class=\"eb-text\"><strong>OBJETIVO<\/strong><br>Fomentar el ingenio y la creatividad de los estudiantes de ingenier\u00eda y arquitectura de las distintas Universidades del Estado, a trav\u00e9s de la realizaci\u00f3n del proyecto de una estructura tipo Tensegrity.<\/p><\/div><\/div><\/div>\n\n\n\n<figure class=\"wp-block-image aligncenter size-large\"><img fetchpriority=\"high\" decoding=\"async\" width=\"1024\" height=\"1024\" src=\"https:\/\/posgradofi.com.mx\/coniin2026\/wp-content\/uploads\/2026\/03\/banner-disenSo-de-sistemas_Mesa-de-trabajo-1-1024x1024.png\" alt=\"\" class=\"wp-image-698\" srcset=\"https:\/\/posgradofi.com.mx\/coniin2026\/wp-content\/uploads\/2026\/03\/banner-disenSo-de-sistemas_Mesa-de-trabajo-1-1024x1024.png 1024w, https:\/\/posgradofi.com.mx\/coniin2026\/wp-content\/uploads\/2026\/03\/banner-disenSo-de-sistemas_Mesa-de-trabajo-1-300x300.png 300w, https:\/\/posgradofi.com.mx\/coniin2026\/wp-content\/uploads\/2026\/03\/banner-disenSo-de-sistemas_Mesa-de-trabajo-1-150x150.png 150w, https:\/\/posgradofi.com.mx\/coniin2026\/wp-content\/uploads\/2026\/03\/banner-disenSo-de-sistemas_Mesa-de-trabajo-1-768x768.png 768w, https:\/\/posgradofi.com.mx\/coniin2026\/wp-content\/uploads\/2026\/03\/banner-disenSo-de-sistemas_Mesa-de-trabajo-1-1536x1536.png 1536w, https:\/\/posgradofi.com.mx\/coniin2026\/wp-content\/uploads\/2026\/03\/banner-disenSo-de-sistemas_Mesa-de-trabajo-1-2048x2048.png 2048w\" sizes=\"(max-width: 1024px) 100vw, 1024px\" \/><\/figure>\n\n\n\n<div class=\"wp-block-essential-blocks-text  root-eb-text-r0x5w\"><div class=\"eb-parent-wrapper eb-parent-eb-text-r0x5w \"><div class=\"eb-text-wrapper eb-text-r0x5w\" data-id=\"eb-text-r0x5w\"><p class=\"eb-text\"><strong>Descarga la convocatoria completa aqui <\/strong>\ud83d\udc47<\/p><\/div><\/div><\/div>\n\n\n\n<div class=\"wp-block-buttons is-content-justification-center is-layout-flex wp-container-core-buttons-is-layout-a89b3969 wp-block-buttons-is-layout-flex\">\n<div class=\"wp-block-button\"><a class=\"wp-block-button__link wp-element-button\" href=\"https:\/\/posgradofi.com.mx\/coniin2026\/wp-content\/uploads\/2026\/04\/Tensegrity.pdf\">Descarga<\/a><\/div>\n<\/div>\n\n\n\n<p><\/p>\n","protected":false},"excerpt":{"rendered":"","protected":false},"author":2,"featured_media":0,"parent":0,"menu_order":0,"comment_status":"closed","ping_status":"closed","template":"","meta":{"_eb_attr":"","site-sidebar-layout":"default","site-content-layout":"","ast-site-content-layout":"default","site-content-style":"default","site-sidebar-style":"default","ast-global-header-display":"","ast-banner-title-visibility":"","ast-main-header-display":"","ast-hfb-above-header-display":"","ast-hfb-below-header-display":"","ast-hfb-mobile-header-display":"","site-post-title":"","ast-breadcrumbs-content":"","ast-featured-img":"","footer-sml-layout":"","ast-disable-related-posts":"","theme-transparent-header-meta":"","adv-header-id-meta":"","stick-header-meta":"","header-above-stick-meta":"","header-main-stick-meta":"","header-below-stick-meta":"","astra-migrate-meta-layouts":"default","ast-page-background-enabled":"default","ast-page-background-meta":{"desktop":{"background-color":"var(--ast-global-color-5)","background-image":"","background-repeat":"repeat","background-position":"center center","background-size":"auto","background-attachment":"scroll","background-type":"","background-media":"","overlay-type":"","overlay-color":"","overlay-opacity":"","overlay-gradient":""},"tablet":{"background-color":"","background-image":"","background-repeat":"repeat","background-position":"center center","background-size":"auto","background-attachment":"scroll","background-type":"","background-media":"","overlay-type":"","overlay-color":"","overlay-opacity":"","overlay-gradient":""},"mobile":{"background-color":"","background-image":"","background-repeat":"repeat","background-position":"center center","background-size":"auto","background-attachment":"scroll","background-type":"","background-media":"","overlay-type":"","overlay-color":"","overlay-opacity":"","overlay-gradient":""}},"ast-content-background-meta":{"desktop":{"background-color":"var(--ast-global-color-4)","background-image":"","background-repeat":"repeat","background-position":"center center","background-size":"auto","background-attachment":"scroll","background-type":"","background-media":"","overlay-type":"","overlay-color":"","overlay-opacity":"","overlay-gradient":""},"tablet":{"background-color":"var(--ast-global-color-4)","background-image":"","background-repeat":"repeat","background-position":"center center","background-size":"auto","background-attachment":"scroll","background-type":"","background-media":"","overlay-type":"","overlay-color":"","overlay-opacity":"","overlay-gradient":""},"mobile":{"background-color":"var(--ast-global-color-4)","background-image":"","background-repeat":"repeat","background-position":"center center","background-size":"auto","background-attachment":"scroll","background-type":"","background-media":"","overlay-type":"","overlay-color":"","overlay-opacity":"","overlay-gradient":""}},"footnotes":""},"class_list":["post-370","page","type-page","status-publish","hentry"],"_links":{"self":[{"href":"https:\/\/posgradofi.com.mx\/coniin2026\/wp-json\/wp\/v2\/pages\/370","targetHints":{"allow":["GET"]}}],"collection":[{"href":"https:\/\/posgradofi.com.mx\/coniin2026\/wp-json\/wp\/v2\/pages"}],"about":[{"href":"https:\/\/posgradofi.com.mx\/coniin2026\/wp-json\/wp\/v2\/types\/page"}],"author":[{"embeddable":true,"href":"https:\/\/posgradofi.com.mx\/coniin2026\/wp-json\/wp\/v2\/users\/2"}],"replies":[{"embeddable":true,"href":"https:\/\/posgradofi.com.mx\/coniin2026\/wp-json\/wp\/v2\/comments?post=370"}],"version-history":[{"count":8,"href":"https:\/\/posgradofi.com.mx\/coniin2026\/wp-json\/wp\/v2\/pages\/370\/revisions"}],"predecessor-version":[{"id":965,"href":"https:\/\/posgradofi.com.mx\/coniin2026\/wp-json\/wp\/v2\/pages\/370\/revisions\/965"}],"wp:attachment":[{"href":"https:\/\/posgradofi.com.mx\/coniin2026\/wp-json\/wp\/v2\/media?parent=370"}],"curies":[{"name":"wp","href":"https:\/\/api.w.org\/{rel}","templated":true}]}}