{"id":352,"date":"2026-02-21T09:19:47","date_gmt":"2026-02-21T09:19:47","guid":{"rendered":"https:\/\/posgradofi.com.mx\/coniin_web\/?page_id=352"},"modified":"2026-03-03T16:20:46","modified_gmt":"2026-03-03T16:20:46","slug":"coniin-call-for-papers","status":"publish","type":"page","link":"https:\/\/posgradofi.com.mx\/coniin2026\/coniin-call-for-papers\/","title":{"rendered":"CONIIN call for papers"},"content":{"rendered":"\n<div class=\"wp-block-essential-blocks-text  root-eb-text-9pn5o\"><div class=\"eb-parent-wrapper eb-parent-eb-text-9pn5o \"><div class=\"eb-text-wrapper eb-text-9pn5o\" data-id=\"eb-text-9pn5o\"><p class=\"eb-text\">Call for Papers<br>CONIIN 2026<br>Sinergia e Ingenier\u00eda: di\u00e1logo multidisciplinario para los desaf\u00edos del futuro<br>La Facultad de Ingenier\u00eda de la Universidad Aut\u00f3noma de Quer\u00e9taro invita a la comunidad acad\u00e9mica, cient\u00edfica, tecnol\u00f3gica e industrial \u2014a nivel nacional e internacional\u2014 a participar en el Congreso Internacional de Ingenier\u00eda CONIIN 2026, que se llevar\u00e1 a cabo del 11 al 14 de mayo de 2026, en modalidad presencial en Centro Universitario y campus de la UAQ<br><br>El CONIIN 2026 tiene como objetivo promover el intercambio de conocimiento, experiencias y avances cient\u00edficos y tecnol\u00f3gicos entre estudiantes, profesorado, personal investigador y profesionistas, fomentando la colaboraci\u00f3n interdisciplinaria para atender los retos actuales y futuros de la ingenier\u00eda y su impacto social<br><br>Se convoca a la presentaci\u00f3n de trabajos originales e in\u00e9ditos, que ser\u00e1n evaluados mediante un proceso de revisi\u00f3n por pares por el Comit\u00e9 Acad\u00e9mico del Congreso<\/p><\/div><\/div><\/div>\n\n\n\n<div data-wp-interactive=\"core\/file\" class=\"wp-block-file\"><object data-wp-bind--hidden=\"!state.hasPdfPreview\" hidden class=\"wp-block-file__embed\" data=\"https:\/\/posgradofi.com.mx\/coniin2026\/wp-content\/uploads\/2026\/03\/Coniin-2026.pdf\" type=\"application\/pdf\" style=\"width:100%;height:600px\" aria-label=\"Incrustado de Coniin 2026.\"><\/object><a id=\"wp-block-file--media-2c4e47a6-6227-4c14-a085-d0b2b6937d97\" href=\"https:\/\/posgradofi.com.mx\/coniin2026\/wp-content\/uploads\/2026\/03\/Coniin-2026.pdf\">Coniin 2026<\/a><a href=\"https:\/\/posgradofi.com.mx\/coniin2026\/wp-content\/uploads\/2026\/03\/Coniin-2026.pdf\" class=\"wp-block-file__button wp-element-button\" download aria-describedby=\"wp-block-file--media-2c4e47a6-6227-4c14-a085-d0b2b6937d97\">Descarga<\/a><\/div>\n\n\n\n<div class=\"wp-block-essential-blocks-text  root-eb-text-2msjl\"><div class=\"eb-parent-wrapper eb-parent-eb-text-2msjl \"><div class=\"eb-text-wrapper eb-text-2msjl\" data-id=\"eb-text-2msjl\"><p class=\"eb-text\">El CONIIN 2026 tiene como objetivo promover el intercambio de conocimiento, experiencias y avances cient\u00edficos y tecnol\u00f3gicos entre estudiantes, profesorado, personal investigador y profesionistas, fomentando la colaboraci\u00f3n interdisciplinaria para atender los retos actuales y futuros de la ingenier\u00eda y su impacto social.<br><br>Se convoca a la presentaci\u00f3n de trabajos originales e in\u00e9ditos, que ser\u00e1n evaluados mediante un proceso de revisi\u00f3n por pares por el Comit\u00e9 Acad\u00e9mico del Congreso.<br><br>Los trabajos aceptados se presentar\u00e1n en modalidad:<br>\ud83c\udfa4 Presentaci\u00f3n oral<br>\ud83d\uddbc\ufe0f Sesi\u00f3n de p\u00f3ster<br>Y formar\u00e1n parte de las Memorias Oficiales del CONIIN 2026<br><br><em><strong>Ejes tem\u00e1ticos<\/strong><\/em><br>Los trabajos deber\u00e1n alinearse con alguno de los siguientes grupos tem\u00e1ticos<br>Producci\u00f3n avanzada y resiliencia industrial<br>Estrategias para infraestructura y entorno urbano sostenible<br>Salud, \u00e9tica y tecnolog\u00eda para el bienestar social<br>Tecnolog\u00edas de vanguardia y automatizaci\u00f3n colaborativa<br>Dise\u00f1o creativo para comunidades y ecosistemas<br>Matem\u00e1ticas aplicadas y modelado para la innovaci\u00f3n<br><br><em><strong>\u00bfQui\u00e9nes pueden participar?<\/strong><\/em><br>Estudiantes de licenciatura y posgrado<br>Profesoras y profesores<br>Investigadoras e investigadores<br>Profesionistas del sector p\u00fablico y privado<br>De la Facultad de Ingenier\u00eda de la UAQ, as\u00ed como de instituciones nacionales e internacionales.<br><br><em><strong>Cuenta regresiva<\/strong><\/em><br>Fecha l\u00edmite para env\u00edo de trabajos:<br>20 de marzo de 2026<\/p><\/div><\/div><\/div>\n\n\n\n<div class=\"wp-block-essential-blocks-countdown  root-eb-countdown-xtt5f\"><div class=\"eb-parent-wrapper eb-parent-eb-countdown-xtt5f \"><div class=\"eb-countdown-xtt5f eb-cd-wrapper default\"><div class=\"eb-cd-inner\" blockid=\"eb-countdown-xtt5f\" data-deadline-time=\"1774072740000\" data-is-evergreen-time=\"false\" data-evergreen-time-hours=\"11\" data-evergreen-time-minutes=\"59\" data-evergreen-recurring=\"false\" data-evergreen-restart-time=\"0\" data-evergreen-deadline-time=\"1772818848350\"><div class=\"box cd-box-day\"><span class=\"eb-cd-digit\">00<\/span><span class=\"eb-cd-label\">Days<\/span><\/div><div class=\"box cd-box-hour\"><span class=\"eb-cd-digit\">00<\/span><span class=\"eb-cd-label\">Hours<\/span><\/div><div class=\"box cd-box-minute\"><span class=\"eb-cd-digit\">00<\/span><span class=\"eb-cd-label\">Minutes<\/span><\/div><div class=\"box cd-box-second\"><span class=\"eb-cd-digit\">00<\/span><span class=\"eb-cd-label\">Seconds<\/span><\/div><\/div><\/div><\/div><\/div>\n\n\n\n<hr class=\"wp-block-separator has-alpha-channel-opacity\"\/>\n\n\n\n<h2 class=\"wp-block-heading\">Fechas importantes <\/h2>\n\n\n\n<figure class=\"wp-block-table\"><table class=\"has-fixed-layout\"><tbody><tr><td>Publicaci\u00f3n de la convocatoria <\/td><td>9 de febrero del 2026<\/td><\/tr><tr><td>Fecha l\u00edmite de recepci\u00f3n de trabajos <\/td><td>20 de marzo del 2026<\/td><\/tr><tr><td>Primera ronda de revisiones <\/td><td>10 de abril del 2026 <\/td><\/tr><tr><td>Fecha l\u00edmite de entrega de correcciones <\/td><td>13 de abril del 2026<\/td><\/tr><tr><td>Publicaci\u00f3n de resultados finales <\/td><td>A m\u00e1s tardar el 30 de abril del 2026<\/td><\/tr><\/tbody><\/table><\/figure>\n","protected":false},"excerpt":{"rendered":"<p>Fechas importantes Publicaci\u00f3n de la convocatoria 9 de febrero del 2026 Fecha l\u00edmite de recepci\u00f3n de trabajos 20 de marzo [&hellip;]<\/p>\n","protected":false},"author":2,"featured_media":0,"parent":0,"menu_order":0,"comment_status":"closed","ping_status":"closed","template":"","meta":{"_eb_attr":"","site-sidebar-layout":"default","site-content-layout":"","ast-site-content-layout":"default","site-content-style":"default","site-sidebar-style":"default","ast-global-header-display":"","ast-banner-title-visibility":"","ast-main-header-display":"","ast-hfb-above-header-display":"","ast-hfb-below-header-display":"","ast-hfb-mobile-header-display":"","site-post-title":"","ast-breadcrumbs-content":"","ast-featured-img":"","footer-sml-layout":"","ast-disable-related-posts":"","theme-transparent-header-meta":"","adv-header-id-meta":"","stick-header-meta":"","header-above-stick-meta":"","header-main-stick-meta":"","header-below-stick-meta":"","astra-migrate-meta-layouts":"default","ast-page-background-enabled":"default","ast-page-background-meta":{"desktop":{"background-color":"var(--ast-global-color-5)","background-image":"","background-repeat":"repeat","background-position":"center center","background-size":"auto","background-attachment":"scroll","background-type":"","background-media":"","overlay-type":"","overlay-color":"","overlay-opacity":"","overlay-gradient":""},"tablet":{"background-color":"","background-image":"","background-repeat":"repeat","background-position":"center center","background-size":"auto","background-attachment":"scroll","background-type":"","background-media":"","overlay-type":"","overlay-color":"","overlay-opacity":"","overlay-gradient":""},"mobile":{"background-color":"","background-image":"","background-repeat":"repeat","background-position":"center center","background-size":"auto","background-attachment":"scroll","background-type":"","background-media":"","overlay-type":"","overlay-color":"","overlay-opacity":"","overlay-gradient":""}},"ast-content-background-meta":{"desktop":{"background-color":"var(--ast-global-color-4)","background-image":"","background-repeat":"repeat","background-position":"center center","background-size":"auto","background-attachment":"scroll","background-type":"","background-media":"","overlay-type":"","overlay-color":"","overlay-opacity":"","overlay-gradient":""},"tablet":{"background-color":"var(--ast-global-color-4)","background-image":"","background-repeat":"repeat","background-position":"center center","background-size":"auto","background-attachment":"scroll","background-type":"","background-media":"","overlay-type":"","overlay-color":"","overlay-opacity":"","overlay-gradient":""},"mobile":{"background-color":"var(--ast-global-color-4)","background-image":"","background-repeat":"repeat","background-position":"center center","background-size":"auto","background-attachment":"scroll","background-type":"","background-media":"","overlay-type":"","overlay-color":"","overlay-opacity":"","overlay-gradient":""}},"footnotes":""},"class_list":["post-352","page","type-page","status-publish","hentry"],"_links":{"self":[{"href":"https:\/\/posgradofi.com.mx\/coniin2026\/wp-json\/wp\/v2\/pages\/352","targetHints":{"allow":["GET"]}}],"collection":[{"href":"https:\/\/posgradofi.com.mx\/coniin2026\/wp-json\/wp\/v2\/pages"}],"about":[{"href":"https:\/\/posgradofi.com.mx\/coniin2026\/wp-json\/wp\/v2\/types\/page"}],"author":[{"embeddable":true,"href":"https:\/\/posgradofi.com.mx\/coniin2026\/wp-json\/wp\/v2\/users\/2"}],"replies":[{"embeddable":true,"href":"https:\/\/posgradofi.com.mx\/coniin2026\/wp-json\/wp\/v2\/comments?post=352"}],"version-history":[{"count":11,"href":"https:\/\/posgradofi.com.mx\/coniin2026\/wp-json\/wp\/v2\/pages\/352\/revisions"}],"predecessor-version":[{"id":842,"href":"https:\/\/posgradofi.com.mx\/coniin2026\/wp-json\/wp\/v2\/pages\/352\/revisions\/842"}],"wp:attachment":[{"href":"https:\/\/posgradofi.com.mx\/coniin2026\/wp-json\/wp\/v2\/media?parent=352"}],"curies":[{"name":"wp","href":"https:\/\/api.w.org\/{rel}","templated":true}]}}

<div class="wp-block-essential-blocks-text  root-eb-text-9pn5o"><div class="eb-parent-wrapper eb-parent-eb-text-9pn5o "><div class="eb-text-wrapper eb-text-9pn5o" data-id="eb-text-9pn5o"><p class="eb-text">Call for Papers<br>CONIIN 2026<br>Sinergia e Ingeniería: diálogo multidisciplinario para los desafíos del futuro<br>La Facultad de Ingeniería de la Universidad Autónoma de Querétaro invita a la comunidad académica, científica, tecnológica e industrial —a nivel nacional e internacional— a participar en el Congreso Internacional de Ingeniería CONIIN 2026, que se llevará a cabo del 11 al 14 de mayo de 2026, en modalidad presencial en Centro Universitario y campus de la UAQ<br><br>El CONIIN 2026 tiene como objetivo promover el intercambio de conocimiento, experiencias y avances científicos y tecnológicos entre estudiantes, profesorado, personal investigador y profesionistas, fomentando la colaboración interdisciplinaria para atender los retos actuales y futuros de la ingeniería y su impacto social<br><br>Se convoca a la presentación de trabajos originales e inéditos, que serán evaluados mediante un proceso de revisión por pares por el Comité Académico del Congreso</p></div></div></div>



<div data-wp-interactive="core/file" class="wp-block-file"><object data-wp-bind--hidden="!state.hasPdfPreview" hidden class="wp-block-file__embed" data="https://posgradofi.com.mx/coniin2026/wp-content/uploads/2026/03/Coniin-2026.pdf" type="application/pdf" style="width:100%;height:600px" aria-label="Incrustado de Coniin 2026."></object><a id="wp-block-file--media-2c4e47a6-6227-4c14-a085-d0b2b6937d97" href="https://posgradofi.com.mx/coniin2026/wp-content/uploads/2026/03/Coniin-2026.pdf">Coniin 2026</a><a href="https://posgradofi.com.mx/coniin2026/wp-content/uploads/2026/03/Coniin-2026.pdf" class="wp-block-file__button wp-element-button" download aria-describedby="wp-block-file--media-2c4e47a6-6227-4c14-a085-d0b2b6937d97">Descarga</a></div>



<div class="wp-block-essential-blocks-text  root-eb-text-2msjl"><div class="eb-parent-wrapper eb-parent-eb-text-2msjl "><div class="eb-text-wrapper eb-text-2msjl" data-id="eb-text-2msjl"><p class="eb-text">El CONIIN 2026 tiene como objetivo promover el intercambio de conocimiento, experiencias y avances científicos y tecnológicos entre estudiantes, profesorado, personal investigador y profesionistas, fomentando la colaboración interdisciplinaria para atender los retos actuales y futuros de la ingeniería y su impacto social.<br><br>Se convoca a la presentación de trabajos originales e inéditos, que serán evaluados mediante un proceso de revisión por pares por el Comité Académico del Congreso.<br><br>Los trabajos aceptados se presentarán en modalidad:<br>🎤 Presentación oral<br>🖼️ Sesión de póster<br>Y formarán parte de las Memorias Oficiales del CONIIN 2026<br><br><em><strong>Ejes temáticos</strong></em><br>Los trabajos deberán alinearse con alguno de los siguientes grupos temáticos<br>Producción avanzada y resiliencia industrial<br>Estrategias para infraestructura y entorno urbano sostenible<br>Salud, ética y tecnología para el bienestar social<br>Tecnologías de vanguardia y automatización colaborativa<br>Diseño creativo para comunidades y ecosistemas<br>Matemáticas aplicadas y modelado para la innovación<br><br><em><strong>¿Quiénes pueden participar?</strong></em><br>Estudiantes de licenciatura y posgrado<br>Profesoras y profesores<br>Investigadoras e investigadores<br>Profesionistas del sector público y privado<br>De la Facultad de Ingeniería de la UAQ, así como de instituciones nacionales e internacionales.<br><br><em><strong>Cuenta regresiva</strong></em><br>Fecha límite para envío de trabajos:<br>20 de marzo de 2026</p></div></div></div>



<div class="wp-block-essential-blocks-countdown  root-eb-countdown-xtt5f"><div class="eb-parent-wrapper eb-parent-eb-countdown-xtt5f "><div class="eb-countdown-xtt5f eb-cd-wrapper default"><div class="eb-cd-inner" blockid="eb-countdown-xtt5f" data-deadline-time="1774072740000" data-is-evergreen-time="false" data-evergreen-time-hours="11" data-evergreen-time-minutes="59" data-evergreen-recurring="false" data-evergreen-restart-time="0" data-evergreen-deadline-time="1772818848350"><div class="box cd-box-day"><span class="eb-cd-digit">00</span><span class="eb-cd-label">Days</span></div><div class="box cd-box-hour"><span class="eb-cd-digit">00</span><span class="eb-cd-label">Hours</span></div><div class="box cd-box-minute"><span class="eb-cd-digit">00</span><span class="eb-cd-label">Minutes</span></div><div class="box cd-box-second"><span class="eb-cd-digit">00</span><span class="eb-cd-label">Seconds</span></div></div></div></div></div>



<hr class="wp-block-separator has-alpha-channel-opacity"/>



<h2 class="wp-block-heading">Fechas importantes </h2>



<figure class="wp-block-table"><table class="has-fixed-layout"><tbody><tr><td>Publicación de la convocatoria </td><td>9 de febrero del 2026</td></tr><tr><td>Fecha límite de recepción de trabajos </td><td>20 de marzo del 2026</td></tr><tr><td>Primera ronda de revisiones </td><td>10 de abril del 2026 </td></tr><tr><td>Fecha límite de entrega de correcciones </td><td>13 de abril del 2026</td></tr><tr><td>Publicación de resultados finales </td><td>A más tardar el 30 de abril del 2026</td></tr></tbody></table></figure>

<p>Fechas importantes Publicación de la convocatoria 9 de febrero del 2026 Fecha límite de recepción de trabajos 20 de marzo [&hellip;]</p>
